-4*n = 4*z - 52. Let x = z + -4. What is the units digit of x?
7
Suppose -3*b = -4*s - 0*b + 19, -b - 1 = 0. Let t = 108 + s. What is the hundreds digit of t?
1
Suppose 3097 = -6*m + 17983. What is the tens digit of m?
8
Let y be (0 - -2)/(3/(-60)). Let f = 71 + y. Suppose 5*r = f - 1. What is the units digit of r?
6
Suppose -5*n = h + 413 - 45, n = 4*h - 61. Let y = 130 + n. What is the units digit of y?
7
Suppose 0 = 2*u + 68 - 2604. What is the thousands digit of u?
1
Let y be (38/30 - (-20)/(-30))*5. What is the tens digit of (y - -66)/(0/(-1) - -1)?
6
Suppose 4*y - 2 = 3*j - 8, 4*j + y = 8. Suppose -j*u = -7*u - 130. What is the units digit of (-2)/(4/u) - 1?
2
Let x(d) = d - 4. Let i be x(6). Suppose -i*u + 0 = -80. What is the tens digit of u?
4
What is the hundreds digit of ((-3192)/171)/(4/(-114))?
5
Let i(s) = 116*s**2 + 8*s + 8. What is the tens digit of i(-2)?
5
Let f = -20 - -21. Let j be (-12 - -6)/(f + -2). Suppose 3*u = j + 195. What is the tens digit of u?
6
Let g = -1070 - -1744. Let z = g - 474. What is the tens digit of z?
0
Let k(y) = -42*y + 67. What is the units digit of k(-9)?
5
Let d = -36 - -99. Suppose 4*b - 49 - d = 0. Suppose 52 + 30 = 3*c + 5*r, -c = 2*r - b. What is the tens digit of c?
2
Suppose 64 = -3*t - l, -4*t + 3*l + 16 = -5*t. Let o(j) = j**2 - 11*j - 78. Let q be o(16). What is the units digit of -1*(t + 3) + q?
1
Suppose -4*s = 4*a - 7335 - 197, -9387 = -5*s + 2*a. What is the tens digit of s?
7
What is the tens digit of (1791/5)/((-42)/(-280))?
8
Suppose 13*m = 12*m + 10. Suppose -m = -5*t, -d = -0*t + 3*t - 58. What is the tens digit of d?
5
Let b be 4 + 2 + 0 + 18. What is the tens digit of (-1 + 101)*6/b?
2
Suppose -10*v + 721 = -5729. What is the units digit of v?
5
Let s = 34 - 40. Let a(j) = -2*j**2 - 15*j - 3. What is the units digit of a(s)?
5
Let z = 48 + -38. Let m(v) = 13*v + 31. What is the tens digit of m(z)?
6
Suppose 0 = -x - 4 - 6. Let k(h) = 23*h - 3*h**2 - 16*h - 7 + 4*h**2. What is the units digit of k(x)?
3
Let g(m) = m**3 - 8*m**2 + 4*m - 7. Let y be g(11). What is the tens digit of ((y/(-15))/5)/(2/(-33))?
8
Let r be (1/(-3))/(3/18). What is the hundreds digit of 3 - ((-113)/(3 + r) - 1)?
1
Let s(p) be the second derivative of -14*p**5/5 + p**4/6 + p**3/3 + p**2/2 + 62*p. Suppose 0 = -4*y + 2 - 6. What is the units digit of s(y)?
7
Suppose -17 = -4*v - w, -2*w + 4 = -2*v - 0. Suppose 4*t + 3*k - 32 = 11, 2*t - 29 = -v*k. What is the units digit of t?
7
Let p be (48/18)/((-4)/(-6)). Suppose -2*h + p*t + t - 5 = 0, -5*h - 5*t = -40. Suppose 8*r - 3*r - 61 = -3*w, 5 = -h*r. What is the tens digit of w?
2
Let m(l) = 2*l + 6. Let o be m(-4). Let d = 7 + o. Suppose -d*p + 2*v = -17, -5*v + 1 = 6. What is the units digit of p?
3
What is the thousands digit of (137436/195)/((-2)/(-5))?
1
Suppose -14*a - 47 = -15*a + 3*h, 3*h - 189 = -3*a. What is the tens digit of a?
5
Let o be -22 + 20 + -230 + 0. Let n = -34 - o. Suppose 3*y - n = -4*m - 36, -3*y + 144 = -2*m. What is the units digit of y?
0
Let a = -3 - -8. Suppose 0 = -3*f + a*f - 20. Let j = f - 9. What is the units digit of j?
1
Let c(i) = -i**2 - 15*i + 10. Let t be c(-15). Let o be -76*3/t*-5. Suppose 2*a - o = -a. What is the tens digit of a?
3
Suppose -2255 = -2*d - 5*s, 6*s - 4528 = -4*d + 2*s. What is the hundreds digit of d?
1
Suppose 24 = 7*r - 18. Suppose 0 = -k + r*k + 3*j - 584, -468 = -4*k - 2*j. What is the units digit of k?
8
Let n(t) = -t + 6. Let m be n(10). Let i be (-8)/36 - m/18. Suppose -3*c + 7 - 1 = i. What is the units digit of c?
2
Let n = 28 - -4. Let r be ((-1)/4)/((-4)/n). Suppose 5*o - 93 = -4*h, 0 = -4*o - 0*o - r*h + 72. What is the tens digit of o?
1
Let w(g) = -g + 3. Let u be w(4). Let c(b) = b**3 - 5*b**2 + 5*b - 2. Let d be c(3). Let l = u - d. What is the units digit of l?
4
Suppose 3*o - 1196 = 11941. What is the thousands digit of o?
4
Suppose 4*p + 792 + 812 = 0. Let h = -219 - p. Suppose -2*k = -h + 46. What is the units digit of k?
8
Let b(d) = 4*d**2 + 7*d. Let o(x) = -3*x**2 - 7*x + 1. Let f(y) = -2*b(y) - 3*o(y). What is the hundreds digit of f(9)?
1
Let j = 216 - 81. Let n = j + -85. What is the units digit of n?
0
Let q be ((-304)/4)/(-4) - 4. Let t be (q + -7)/(2/(-76)). What is the tens digit of t/(-10) + 4/(-10)?
3
Let z(h) = -h**3 - 16*h**2 - 22*h - 12. Let u = -8 - 7. Let m be z(u). Suppose 5*y - 233 = -4*d, -4*y + m = -2*d - 83. What is the tens digit of y?
4
Let l(d) = 171*d**2 + 2*d + 2. Let h be l(-1). Let a = h + -39. What is the tens digit of a?
3
Let k be -2 + 248 + 5 + -5. Suppose q + 5*v = -2*q + 314, 0 = 2*q - 4*v - k. What is the hundreds digit of q?
1
Let w(z) = z + 2. Let g be w(-2). Suppose -41 = -5*b + 4*t, g = -3*b - t + 11. Suppose 0 = 2*j - 5*v - 66, 5*j + b*v = 3*j + 66. What is the units digit of j?
3
Let t = 7 + -22. Let p be ((-25)/t)/(1/3). Let q(h) = 4*h. What is the units digit of q(p)?
0
Let b(w) = w**3 + 3*w**2 + w + 2. Let t be b(-5). Suppose 7*h - 250 - 450 = 0. Let x = h + t. What is the tens digit of x?
4
What is the tens digit of ((-650)/(-39) + -6)*(-543)/(-4)?
4
Let u(q) be the third derivative of q**6/6 + q**5/60 + q**4/24 - q**3/3 - 24*q**2. What is the units digit of u(2)?
4
Suppose 0 = -4*f - 12, 4*f = -79*d + 84*d - 5417. What is the hundreds digit of d?
0
Let i be 3 - (-9)/(-3)*1. Suppose 2*s + 4 - 50 = i. What is the tens digit of s?
2
Suppose 2*j - 12 = -3*q, 0*j + 2*j = -q + 16. What is the units digit of j?
9
Suppose -18*d - 36423 = -27*d. What is the tens digit of d?
4
Suppose -12*h = -2497 - 1727. What is the tens digit of h?
5
Suppose 12*l + 1952 - 8276 = 0. What is the units digit of l?
7
Let v = -6 - -8. Suppose 0 = v*h + h. Suppose h = -5*w + 6*w - 12. What is the tens digit of w?
1
Suppose 80 = 4*t - g, -g = 4*t + g - 92. Let v = t + -24. What is the units digit of (8/v)/((-4)/6)?
4
Let p(c) = -c**2 - 27*c - 7. Let l be p(-19). What is the hundreds digit of (l + 1 - 4) + 1?
1
Let i be -1 + (-3 + 1 - -2). Let u be (-8)/(-2) - 0/i. Suppose -u*p + 3*x + 11 = 0, 2*p - 3*x = -p + 9. What is the units digit of p?
2
Let t be 6/(-4)*(-4)/(-6). What is the units digit of t - -181 - (2 - -2)?
6
Let w = -26 - -51. Suppose -j - m + w = 0, j + 145 = 5*j - 5*m. What is the tens digit of j?
3
Suppose 0 = -4*h - 4*c + 1060, 3*h = h - 4*c + 540. Let p = h + -22. What is the hundreds digit of p?
2
Suppose -x - 2 - 1 = -i, -4*x = -2*i + 10. Let z(k) = 191*k**3 + 2*k**2 - 4*k + 3. What is the tens digit of z(i)?
9
Let y(c) = -4*c + 2. Let w be y(3). Suppose 10 = 2*n, -16*n + 17*n - 61 = -4*i. Let p = i + w. What is the units digit of p?
4
Suppose -2*n - h = -5075, -12*n + 9*n + 3*h + 7608 = 0. What is the tens digit of n?
3
Let t(i) = -64*i - 3. Let l be (-6)/10 + (-2)/5. What is the units digit of t(l)?
1
Let x(h) = -12*h**3 + 3*h**2 - 12*h - 1. Let c(i) = -13*i**3 + 3*i**2 - 11*i. Let j(f) = -5*c(f) + 4*x(f). What is the units digit of j(2)?
4
Suppose -4*l + l - 9 = 0, -5*d + 4*l + 1062 = 0. What is the tens digit of d?
1
Suppose -2*i + 4585 = 5*n, 0 = -3*n + 4*i + 326 + 2399. What is the tens digit of n?
1
Let n be -1*-3*(-5)/(-3). Suppose -300 = -9*a + n*a. What is the tens digit of a?
7
Let w = 2458 - -155. What is the thousands digit of w?
2
Let d be (48/4)/(-4) + 5. Let x be 2*1*d/(-4). What is the tens digit of ((-14)/(-28))/(x/(-78))?
3
Suppose 2 = -4*o + 3*s, 3*s = -5*o - 5 + 16. What is the tens digit of (-564)/8*(2/(-6) - o)?
9
Let k = 2092 - 1167. What is the units digit of k?
5
Let k(u) = -9*u - 3. Let q be k(-2). Let i be (-1)/((3/9)/(-1)). Suppose l - q = p, -i*l = -6*l + 2*p + 45. What is the units digit of l?
5
Let q(y) = -377*y - 674. What is the thousands digit of q(-5)?
1
Suppose -7*n + 601 = 2484. Let r = n + 468. What is the hundreds digit of r?
1
Suppose 13*z + 3*z - 29248 = 0. What is the tens digit of z?
2
Let i(d) = d**3 - 6*d**2 + 3. Let r be (-2 + -16)*(-4)/12. Let o be i(r). Suppose 4*n = o*a - 0*a - 66, 5*a - 110 = -2*n. What is the tens digit of a?
2
Let z be (8/(-5))/(2/5). Let q be 12/18*(-54)/z. Suppose f = q*f - 112. What is the tens digit of f?
1
Suppose -3*t = -i - 4266, 4*i + 2650 - 6931 = -3*t. What is the units digit of t?
3
Let o = 235 - 123. What is the tens digit of o?
1
Suppose 0 = -5*w - 2*l + 445 + 11